 + k + 37. Suppose 3*j - f = -w, 3*w = -2*j + w. What is the units digit of j?
4
Let f = -6 - -7. Let n be 3*f/4*4. Suppose 0 = -n*i - 2*i + 25. What is the units digit of i?
5
Suppose -14*j + 12*j + 58 = 0. What is the tens digit of j?
2
Let m(a) = -a**3 - a**2 + 8. Let y = 7 + -7. What is the units digit of m(y)?
8
Let y(h) = h**2 - 8*h + 3. Let u(l) = -l + 1. Let v(c) = 2*u(c) - y(c). Let j be v(5). Suppose 3*g = 5*m - 20, m + 5*g = j*g + 12. What is the units digit of m?
7
Let d = -47 + 66. What is the tens digit of d?
1
Let s(o) = -o + 20. Let r = -11 - -11. What is the tens digit of s(r)?
2
Suppose n = -3*p - 1, 43 = -5*n + 3*p + p. Let o(a) = -2*a - 10. Let b be o(n). Let h(i) = i**2 - 3. What is the units digit of h(b)?
3
Suppose 5*n - 5*s - 74 = -19, -n = 2*s + 4. What is the units digit of 66/n + (0 - 3)?
8
Let w(o) = o**3 + 21*o**2 + 11*o - 22. What is the hundreds digit of w(-20)?
1
What is the tens digit of (-90)/15*13/(-2)?
3
Suppose 0 = -d - 5*b - 1, -d + 4*b + 17 = -0*d. Suppose 3*y - 18 = -3, 5*n - 5*y = -50. Let s = d + n. What is the units digit of s?
4
Suppose -4*p - 6 = -2*z, 3*p - z + 1 = -3. Let s be (4/(-1) - p) + 12. What is the units digit of (-3)/s + (-192)/(-9)?
1
Let g = -80 - -102. What is the units digit of g?
2
Let j be -331 - (-3 - -6)*-1. Suppose 2*d = 4*d - 48. What is the units digit of (-1)/(-3) - j/d?
4
Suppose -2*m + 34 = -24. What is the units digit of m?
9
Suppose 2*k - 272 = -j + 4*j, 2*k - 2*j - 272 = 0. What is the hundreds digit of k?
1
Suppose -5*h = -0*h - 15. What is the units digit of ((-128)/(-6))/2*h?
2
Let q(j) = -4*j - 1 + 4 - 4. Let o be q(1). Let c = -3 - o. What is the units digit of c?
2
Let g(c) = c + 14. Let s be g(-6). What is the tens digit of 3*8*s/6?
3
Suppose 3*h + 438 = 3*x, 2 = -5*h - 3. What is the hundreds digit of x?
1
Let s be ((-32)/(-12) + -4)*-24. Suppose u - s = -u. What is the tens digit of u?
1
What is the units digit of -5*1*-13*48/40?
8
Let l = 15 + -11. Suppose l*k - k - 18 = 0. What is the units digit of k?
6
Suppose -10*d + 5*d + 415 = 0. What is the units digit of d?
3
What is the tens digit of -2 - (-10 + -3 - 2)?
1
Suppose -4*q = -8, -241 = 2*v - 3*q - 621. What is the hundreds digit of v?
1
Let d = 146 - 83. What is the units digit of d?
3
Suppose -321 = -5*c + 5*d + 29, -5*d + 126 = 2*c. What is the units digit of c?
8
Let k = -7 + 7. Suppose 0 = 3*x + 5*o - 61, 5*x - 3*o + k*o = 147. What is the tens digit of x?
2
Suppose 5*v = -5*g + 140, 2*v + 58 + 36 = 4*g. What is the units digit of g?
5
What is the tens digit of -2 + (-29)/(-1) - -1?
2
What is the units digit of 5 + -9 - (-158)/2?
5
Let m = 61 + -58. What is the units digit of m?
3
Let g = -12 - -20. Let r = g - 4. What is the units digit of r?
4
Let p = 158 - -42. Suppose 4*l - p = 12. What is the units digit of l?
3
Suppose 22 = 5*y - 13. What is the units digit of y?
7
Let d = -20 + 31. Let n = -21 + d. What is the units digit of n/(-4) + 9/6?
4
Let h(f) = -f**2 - 7*f - 3. Let a be h(-7). Let n = -1 - a. Suppose n*z + z - 18 = 0. What is the units digit of z?
6
Suppose 0 = -r - g, -20 = -0*r + 3*r - 2*g. Let f = 0 - r. What is the units digit of f?
4
Let m(k) = -k**3 + 7*k**2 + 4*k - 10. What is the units digit of m(6)?
0
Let n(k) = -k**2. Let j(s) = 3*s**2 - 1. Let p(q) = 2*j(q) + 5*n(q). Let c be p(5). Suppose -2*v - 5 = -c. What is the units digit of v?
9
Let h = 26 + -18. Let m(b) = b**3 - 9*b**2 + 11*b - 10. What is the tens digit of m(h)?
1
Suppose 4*g - 8*g = -4, 0 = t + g - 7. What is the tens digit of (0 - -2)/(t/33)?
1
Let a = 9 - -3. Let z = -7 + a. Suppose z*t + 4*l - 21 - 25 = 0, -3*t = 2*l - 26. What is the units digit of t?
6
Suppose 125 = -2*w + 23. Let a = -31 - w. What is the tens digit of a?
2
Let x(k) = k**3 - 10*k**2 + 10*k - 7. Let c be x(9). Suppose 2*h + 18 + 2 = -2*f, f + 24 = -c*h. What is the tens digit of 8/(-28) - 270/h?
1
Let y = 10 - 7. Let p be 8/3 - -4*3/(-18). Suppose t - 2*t + 9 = 4*l, -15 = -p*l + y*t. What is the units digit of l?
3
Let l(w) = 4*w**2 + w + 1. Let q = -1 - 1. What is the units digit of l(q)?
5
Suppose 16 = -2*f + 6*f. Suppose -5*m = -f*h - 203, m = -4*m - 4*h + 227. What is the tens digit of m?
4
Let g = -2 - -4. Suppose -x + 26 = 15. Suppose 0 = g*q - 3*i - x, 2*q - 5*q - 3*i + 54 = 0. What is the units digit of q?
3
Let h(x) = -38*x - 10. What is the hundreds digit of h(-5)?
1
Suppose 4 + 5 = 3*i. Suppose g + 20 = i*x, -x - 15 = -4*g + 8*g. What is the units digit of x?
5
Let k(f) = -f**2 - f + 58. What is the units digit of k(0)?
8
Let d(l) = -l**3 + 2*l**2 - 1. Let c be d(1). What is the tens digit of (5 + c)*(-261)/(-45)?
2
Let x be 26/6 + 1/(-3). Suppose x*a = 7 - 3. Let s = 5 - a. What is the units digit of s?
4
Suppose -202 - 363 = -5*q. What is the hundreds digit of q?
1
Let g be (-220)/(-14) + (-6)/(-21). Let q = g - 10. What is the units digit of q?
6
Let k(d) = -d**3 - 2*d**2 + 3*d + 4. Let g be k(-4). Suppose 2*c - g = -c. What is the units digit of c?
8
Suppose 5*q - 1 - 2 = c, 0 = -4*q - 2*c + 8. Let m = 0 + q. What is the units digit of (0 - m)/(4/(-8))?
2
Let u = 7 + -11. Suppose -5*k = -2*q - 44, 3*q + 3*k - 10 = -34. Let b = u - q. What is the units digit of b?
8
Suppose 132 = 5*h - 4*a - 96, -4*a = -2*h + 84. What is the units digit of h?
8
Let f = -5 - -6. What is the units digit of f/5 - 396/(-20)?
0
Let b be (-2)/8 + (-25)/(-4). Suppose 2*g = 4*l + 24, -4*g + 3*l + 17 + b = 0. What is the units digit of g?
2
Let s(t) = 3*t**2 - 7*t - 4. Let j be s(6). Let n(x) = -2*x - 6. Let f be n(-4). Suppose 4*u + 1 = -h + 6, -f*u = 4*h - j. What is the units digit of h?
7
Suppose -4*k = -3*d - 103, 2*k - 107 = 5*d - 2*d. Suppose 3*t - 6*t + 159 = 0. Let p = d + t. What is the tens digit of p?
1
Let p be (3 + 2 + -5)/(-1). Suppose -24 = 2*g - i + 3*i, p = -2*i + 4. Let f = g - -31. What is the units digit of f?
7
Let b = -2 - -3. What is the units digit of 2 + b/(1/6)?
8
Suppose 4*h - 20 = -h - 2*n, 3*n = 5*h + 5. Suppose -6 = -4*j + h*j. Suppose 2*r - r + 11 = -3*s, 4*r + j*s + 8 = 0. What is the units digit of r?
1
Let c be 0/(1 + -2) - -19. Let h(m) = m**2 - 11*m + 13. Let j be h(10). What is the tens digit of c/((-2)/(-6)*j)?
1
Suppose -2*k + z + 7 = 0, 0 = 2*k - 5*z - 0*z - 3. Let o = k + -1. Suppose 5*r = o*a + 65, -a - a + 13 = r. What is the tens digit of r?
1
Let h = -8 - -12. Suppose -57 = -h*f + f. What is the units digit of f?
9
Let h = 1149 - 820. What is the tens digit of h?
2
What is the tens digit of 12/(-3) + 32 + 0?
2
Suppose 0*x - u = x - 16, -4*x = -3*u - 92. What is the tens digit of x?
2
Suppose 2*h = -2*h - 92. Let o = h - -35. What is the units digit of o?
2
Suppose f - 8 + 2 = 0. Let u(a) = -a - 3. Let l be u(-13). Suppose f*d - l = d. What is the units digit of d?
2
Let d = 5 - 7. What is the units digit of d + -1 - (-4 + 0)?
1
Let j(q) = -q**3 + 13*q**2 - 12*q - 7. Let p be j(12). Let m(i) = i**2 + 3*i - 8. What is the tens digit of m(p)?
2
Suppose -120 = -7*b + 2*b. What is the units digit of (3/2)/(18/b)?
2
Let g = -3 - -82. What is the units digit of g?
9
What is the tens digit of (2 + 1)*203/21?
2
Suppose 3*u = -3*p + 9, 0 = -0*p - 5*p + 2*u + 29. Suppose 135 = p*q - 5*l, -4*q - 2*l + 168 = 36. What is the tens digit of q?
3
Suppose -5*m + 0*m = 4*l - 67, 0 = -4*m + 5*l + 29. What is the units digit of m?
1
What is the units digit of 4/(0 - (-7 - -3))?
1
Let u(y) = -4*y**2 - 11*y + 11. Let q(m) = m**2 + 2*m - 2. Let j(s) = 11*q(s) + 2*u(s). What is the units digit of j(1)?
3
Suppose 2*p = -x, 3*x + 7 + 0 = p. Let i = 0 + p. What is the units digit of i?
1
What is the units digit of 4 - (0 - 1)/(-1)?
3
Let u = -21 + 9. Let j be (-3)/(-18) + (-166)/u. Suppose 2*a - 6 - j = 0. What is the tens digit of a?
1
Let u(y) = -y**3 - y**2 - y. Let o(r) = 7*r**3 + 13*r**2 - 2*r + 11. Let f(p) = o(p) + 6*u(p). Let z be f(-8). Let w = z - 6. What is the units digit of w?
5
Suppose 89 = 3*h + 5*s, -3*h - 4*s + 34 = -51. What is the units digit of h?
3
Let b = 25 - 11. Suppose b = -2*s + 3*s. What is the units digit of s?
4
Suppose 2*w = 0, 3*r + 5*w + 36 = w. Let o(h) = -h**2 - 14*h - 11. What is the units digit of o(r)?
3
Suppose 40 = 5*q + 3*p - 0, p = 5. What is the units digit of q?
5
Let l be (3/(-1))/((-3)/(-2))